{"version":"1.0","provider_name":"H\u00d6CKER - der Blog","provider_url":"https:\/\/www.hoecker.eu\/blog","author_name":"Prof. Dr. Ralf H\u00f6cker","author_url":"https:\/\/www.hoecker.eu\/blog\/author\/hoecker_adm\/","title":"Roger Waters wird in der Frankfurter Festhalle auftreten","type":"rich","width":600,"height":338,"html":"<blockquote class=\"wp-embedded-content\" data-secret=\"jQBXxAaA8t\"><a href=\"https:\/\/www.hoecker.eu\/blog\/roger-waters-wird-in-der-frankfurter-festhalle-auftreten\/\">Roger Waters wird in der Frankfurter Festhalle auftreten<\/a><\/blockquote><iframe sandbox=\"allow-scripts\" security=\"restricted\" src=\"https:\/\/www.hoecker.eu\/blog\/roger-waters-wird-in-der-frankfurter-festhalle-auftreten\/embed\/#?secret=jQBXxAaA8t\" width=\"600\" height=\"338\" title=\"&#8222;Roger Waters wird in der Frankfurter Festhalle auftreten&#8220; &#8211; H\u00d6CKER - der Blog\" data-secret=\"jQBXxAaA8t\" frameborder=\"0\" marginwidth=\"0\" marginheight=\"0\" scrolling=\"no\" class=\"wp-embedded-content\"><\/iframe><script type=\"text\/javascript\">\n\/* <![CDATA[ *\/\n\/*! This file is auto-generated *\/\n!function(d,l){\"use strict\";l.querySelector&&d.addEventListener&&\"undefined\"!=typeof URL&&(d.wp=d.wp||{},d.wp.receiveEmbedMessage||(d.wp.receiveEmbedMessage=function(e){var t=e.data;if((t||t.secret||t.message||t.value)&&!\/[^a-zA-Z0-9]\/.test(t.secret)){for(var s,r,n,a=l.querySelectorAll('iframe[data-secret=\"'+t.secret+'\"]'),o=l.querySelectorAll('blockquote[data-secret=\"'+t.secret+'\"]'),c=new RegExp(\"^https?:$\",\"i\"),i=0;i<o.length;i++)o[i].style.display=\"none\";for(i=0;i<a.length;i++)s=a[i],e.source===s.contentWindow&&(s.removeAttribute(\"style\"),\"height\"===t.message?(1e3<(r=parseInt(t.value,10))?r=1e3:~~r<200&&(r=200),s.height=r):\"link\"===t.message&&(r=new URL(s.getAttribute(\"src\")),n=new URL(t.value),c.test(n.protocol))&&n.host===r.host&&l.activeElement===s&&(d.top.location.href=t.value))}},d.addEventListener(\"message\",d.wp.receiveEmbedMessage,!1),l.addEventListener(\"DOMContentLoaded\",function(){for(var e,t,s=l.querySelectorAll(\"iframe.wp-embedded-content\"),r=0;r<s.length;r++)(t=(e=s[r]).getAttribute(\"data-secret\"))||(t=Math.random().toString(36).substring(2,12),e.src+=\"#?secret=\"+t,e.setAttribute(\"data-secret\",t)),e.contentWindow.postMessage({message:\"ready\",secret:t},\"*\")},!1)))}(window,document);\n\/\/# sourceURL=https:\/\/www.hoecker.eu\/blog\/wp-includes\/js\/wp-embed.min.js\n\/* ]]> *\/\n<\/script>\n","description":"English Version below Das Verwaltungsgericht Frankfurt hat auf Antrag unseres Mandanten Roger Waters heute eine einstweilige Anordnung gegen die Stadt Frankfurt und das Land Hessen erlassen. Danach m\u00fcssen sie durch Einwirkung auf die Frankfurter Messe daf\u00fcr sorgen, dass Waters am Abend des 28.05.2023 Zugang zur Festhalle Frankfurt erh\u00e4lt, um dort ein Konzert im Rahmen seiner [&hellip;]"}

HÖCKER - der Blog

Prof. Dr. Ralf Höcker

<blockquote class="wp-embedded-content" data-secret="jQBXxAaA8t"><a href="https://www.hoecker.eu/blog/roger-waters-wird-in-der-frankfurter-festhalle-auftreten/">Roger Waters wird in der Frankfurter Festhalle auftreten</a></blockquote><iframe sandbox="allow-scripts" security="restricted" src="https://www.hoecker.eu/blog/roger-waters-wird-in-der-frankfurter-festhalle-auftreten/embed/#?secret=jQBXxAaA8t" width="600" height="338" title="&#8222;Roger Waters wird in der Frankfurter Festhalle auftreten&#8220; &#8211; HÖCKER - der Blog" data-secret="jQBXxAaA8t" frameborder="0" marginwidth="0" marginheight="0" scrolling="no" class="wp-embedded-content"></iframe><script type="text/javascript">
/* <![CDATA[ */
/*! This file is auto-generated */
!function(d,l){"use strict";l.querySelector&&d.addEventListener&&"undefined"!=typeof URL&&(d.wp=d.wp||{},d.wp.receiveEmbedMessage||(d.wp.receiveEmbedMessage=function(e){var t=e.data;if((t||t.secret||t.message||t.value)&&!/[^a-zA-Z0-9]/.test(t.secret)){for(var s,r,n,a=l.querySelectorAll('iframe[data-secret="'+t.secret+'"]'),o=l.querySelectorAll('blockquote[data-secret="'+t.secret+'"]'),c=new RegExp("^https?:$","i"),i=0;i<o.length;i++)o[i].style.display="none";for(i=0;i<a.length;i++)s=a[i],e.source===s.contentWindow&&(s.removeAttribute("style"),"height"===t.message?(1e3<(r=parseInt(t.value,10))?r=1e3:~~r<200&&(r=200),s.height=r):"link"===t.message&&(r=new URL(s.getAttribute("src")),n=new URL(t.value),c.test(n.protocol))&&n.host===r.host&&l.activeElement===s&&(d.top.location.href=t.value))}},d.addEventListener("message",d.wp.receiveEmbedMessage,!1),l.addEventListener("DOMContentLoaded",function(){for(var e,t,s=l.querySelectorAll("iframe.wp-embedded-content"),r=0;r<s.length;r++)(t=(e=s[r]).getAttribute("data-secret"))||(t=Math.random().toString(36).substring(2,12),e.src+="#?secret="+t,e.setAttribute("data-secret",t)),e.contentWindow.postMessage({message:"ready",secret:t},"*")},!1)))}(window,document);
//# sourceURL=https://www.hoecker.eu/blog/wp-includes/js/wp-embed.min.js
/* ]]> */
</script>

English Version below Das Verwaltungsgericht Frankfurt hat auf Antrag unseres Mandanten Roger Waters heute eine einstweilige Anordnung gegen die Stadt Frankfurt und das Land Hessen erlassen. Danach müssen sie durch Einwirkung auf die Frankfurter Messe dafür sorgen, dass Waters am Abend des 28.05.2023 Zugang zur Festhalle Frankfurt erhält, um dort ein Konzert im Rahmen seiner [&hellip;]
